{"id":46,"date":"2011-05-26T19:03:50","date_gmt":"2011-05-26T17:03:50","guid":{"rendered":"http:\/\/web143.016.netroom.de\/gospelinspiration\/?page_id=46"},"modified":"2024-12-20T13:47:56","modified_gmt":"2024-12-20T12:47:56","slug":"impressum","status":"publish","type":"page","link":"https:\/\/www.gospelinspiration.de\/?page_id=46","title":{"rendered":"Impressum"},"content":{"rendered":"<div>\n<p><strong>Herausgeberin<\/strong><br \/>\nEvangelische Kirchengemeinde Sankt Augustin Niederpleis und M\u00fclldorf<br \/>\nSchulstrasse 57<br \/>\n53757 Sankt Augustin<\/p>\n<p><em>Gemeindeb\u00fcro<\/em><br \/>\nTelefon: (02241) 33 44 30<br \/>\nFax: (02241) 34 26 04<br \/>\n<a href=\"mailto:gemeindebuero@ev-kirche-niederpleis.de\">E-Mail<\/a><\/p>\n<p><em>Redaktion<\/em><br \/>\nWebmaster: \u00a0Andree Mursch,\u00a0<a href=\"mailto:andree.mursch@ev-kirche-niederpleis.de\">E-Mail<br \/>\n<\/a>Technik: Bernd Giernoth, <a href=\"mailto:bernd.giernoth@ev-kirche-niederpleis.de\">E-Mail<\/a><\/p>\n<p><em>Copyright, Disclaimer<\/em><\/p>\n<ul>\n<li>Die auf dieser Website bereit gestellten Informationen und Gestaltungselemente sind an das Urheberrecht gebunden. Es ist untersagt, ohne die schriftliche Genehmigung der Evangelischen Kirchengemeinde Sankt Augustin Niederpleis und M\u00fclldorf Inhalte im Ganzen oder auch nur in Teilen auf die eigene Homepage zu \u00fcbernehmen, nachzudrucken, zu vervielf\u00e4ltigen oder auf andere Art und Weise zu verwerten.<\/li>\n<li>Alle innerhalb dieses Internetangebotes genannten Namen, Marken- oder Warenzeichen, die ggf. durch Dritte gesch\u00fctzt sind, unterliegen uneingeschr\u00e4nkt den jeweils g\u00fcltigen Kennzeichnungsbestimmungen und Besitzrechten der jeweiligen Eigent\u00fcmer.<\/li>\n<li>Die dargestellten Informationen und Inhalte wurden sorgf\u00e4ltig recherchiert und aufbereitet. Die Evangelische Kirchengemeinde Sankt Augustin Niederpleis und M\u00fclldorf \u00fcbernimmt jedoch keine Garantie f\u00fcr die Korrektheit oder Vollst\u00e4ndigkeit der Informationen und ist nicht verantwortlich f\u00fcr den Inhalt externer Links. Ferner haftet die Evangelische Kirchengemeinde Sankt Augustin Niederpleis und M\u00fclldorf nicht f\u00fcr Inhalte und Links, die in G\u00e4steb\u00fcchern, Foren oder Mailinglisten angegeben werden.<\/li>\n<li>Die Evangelische Kirchengemeinde Sankt Augustin Niederpleis und M\u00fclldorf beh\u00e4lt sich zudem vor, ihr Angebot ohne Ank\u00fcndigung zu \u00e4ndern, einzuschr\u00e4nken oder einzustellen.<\/li>\n<li>Die Evangelische Kirchengemeinde Sankt Augustin Niederpleis und M\u00fclldorf \u00fcbernimmt keinerlei Haftung f\u00fcr Sch\u00e4den, die direkt oder indirekt mit der Nutzung, dem Missbrauch oder der Funktionalit\u00e4t dieser Website oder der darin angebotenen Informationsinhalte in Zusammenhang stehen.<\/li>\n<\/ul>\n<p>Anfragen zu den Inhalten der Webseite www.gospelinspiration.de richten Sie bitte an die folgende E-Mail-Adresse:\u00a0<a href=\"mailto:andree.mursch@ev-kirche-niederpleis.de\">E-Mail an Webmaster<\/a><br \/>\nWir verwenden WordPress f\u00fcr unsere Seiten. WordPress ist Open Source und l\u00e4uft unter GPL.<\/p>\n<\/div>\n<p>&nbsp;<\/p>\n","protected":false},"excerpt":{"rendered":"<p>Herausgeberin Evangelische Kirchengemeinde Sankt Augustin Niederpleis und M\u00fclldorf Schulstrasse 57 53757 Sankt Augustin Gemeindeb\u00fcro Telefon: (02241) 33 44 30 Fax: (02241) 34 26 04 E-Mail Redaktion Webmaster: \u00a0Andree Mursch,\u00a0E-Mail Technik: Bernd Giernoth, E-Mail Copyright, Disclaimer Die auf dieser Website bereit &hellip; <a href=\"https:\/\/www.gospelinspiration.de\/?page_id=46\">Weiterlesen <span class=\"meta-nav\">&rarr;<\/span><\/a><\/p>\n","protected":false},"author":3,"featured_media":0,"parent":0,"menu_order":8,"comment_status":"closed","ping_status":"closed","template":"","meta":{"footnotes":""},"class_list":["post-46","page","type-page","status-publish","hentry"],"_links":{"self":[{"href":"https:\/\/www.gospelinspiration.de\/index.php?rest_route=\/wp\/v2\/pages\/46","targetHints":{"allow":["GET"]}}],"collection":[{"href":"https:\/\/www.gospelinspiration.de\/index.php?rest_route=\/wp\/v2\/pages"}],"about":[{"href":"https:\/\/www.gospelinspiration.de\/index.php?rest_route=\/wp\/v2\/types\/page"}],"author":[{"embeddable":true,"href":"https:\/\/www.gospelinspiration.de\/index.php?rest_route=\/wp\/v2\/users\/3"}],"replies":[{"embeddable":true,"href":"https:\/\/www.gospelinspiration.de\/index.php?rest_route=%2Fwp%2Fv2%2Fcomments&post=46"}],"version-history":[{"count":13,"href":"https:\/\/www.gospelinspiration.de\/index.php?rest_route=\/wp\/v2\/pages\/46\/revisions"}],"predecessor-version":[{"id":2513,"href":"https:\/\/www.gospelinspiration.de\/index.php?rest_route=\/wp\/v2\/pages\/46\/revisions\/2513"}],"wp:attachment":[{"href":"https:\/\/www.gospelinspiration.de\/index.php?rest_route=%2Fwp%2Fv2%2Fmedia&parent=46"}],"curies":[{"name":"wp","href":"https:\/\/api.w.org\/{rel}","templated":true}]}}